{"id":40,"date":"2023-05-15T10:58:41","date_gmt":"2023-05-15T14:58:41","guid":{"rendered":"https:\/\/dev.xdiesel.ca\/?page_id=40"},"modified":"2024-06-06T10:41:11","modified_gmt":"2024-06-06T14:41:11","slug":"xtreme-diesel","status":"publish","type":"page","link":"https:\/\/dev.xdiesel.ca\/","title":{"rendered":""},"content":{"rendered":"\n<div class=\"wp-block-columns is-layout-flex wp-container-core-columns-is-layout-9d6595d7 wp-block-columns-is-layout-flex\">\n<div class=\"wp-block-column is-vertically-aligned-center is-layout-flow wp-block-column-is-layout-flow\"><div class=\"wp-block-image\">\n<figure class=\"alignright size-full is-resized\"><img fetchpriority=\"high\" decoding=\"async\" width=\"1024\" height=\"768\" src=\"https:\/\/dev.xdiesel.ca\/wp-content\/uploads\/2023\/05\/m3ikdev_diesel_mechanic_working_on_a_power_stroke_engine_2020_p_baaa4941-ba51-47cd-9321-fa0febbdf433-edited.png\" alt=\"\" class=\"wp-image-179\" style=\"width:408px;height:305px\" srcset=\"https:\/\/dev.xdiesel.ca\/wp-content\/uploads\/2023\/05\/m3ikdev_diesel_mechanic_working_on_a_power_stroke_engine_2020_p_baaa4941-ba51-47cd-9321-fa0febbdf433-edited.png 1024w, https:\/\/dev.xdiesel.ca\/wp-content\/uploads\/2023\/05\/m3ikdev_diesel_mechanic_working_on_a_power_stroke_engine_2020_p_baaa4941-ba51-47cd-9321-fa0febbdf433-edited-300x225.png 300w, https:\/\/dev.xdiesel.ca\/wp-content\/uploads\/2023\/05\/m3ikdev_diesel_mechanic_working_on_a_power_stroke_engine_2020_p_baaa4941-ba51-47cd-9321-fa0febbdf433-edited-768x576.png 768w, https:\/\/dev.xdiesel.ca\/wp-content\/uploads\/2023\/05\/m3ikdev_diesel_mechanic_working_on_a_power_stroke_engine_2020_p_baaa4941-ba51-47cd-9321-fa0febbdf433-edited-400x300.png 400w\" sizes=\"(max-width: 1024px) 100vw, 1024px\" \/><\/figure>\n<\/div><\/div>\n\n\n\n<div class=\"wp-block-column is-vertically-aligned-center is-layout-flow wp-block-column-is-layout-flow\">\n<p><strong>Expertise d\u00e9di\u00e9e<\/strong><\/p>\n\n\n\n<p>Notre \u00e9quipe poss\u00e8de une expertise sp\u00e9cifique en m\u00e9canique diesel. Nous sommes form\u00e9s pour comprendre en profondeur les moteurs diesel et tous les aspects de leur fonctionnement et entretien.<\/p>\n<\/div>\n<\/div>\n\n\n\n<div class=\"wp-block-columns is-layout-flex wp-container-core-columns-is-layout-9d6595d7 wp-block-columns-is-layout-flex\">\n<div class=\"wp-block-column is-vertically-aligned-center is-layout-flow wp-block-column-is-layout-flow\">\n<p class=\"has-text-align-right\"><strong>Diagnostic pr\u00e9cis<\/strong><\/p>\n\n\n\n<p class=\"has-text-align-right\">Chez Xtreme Diesel, nous offrons des diagnostics pr\u00e9cis en cas de probl\u00e8me. Gr\u00e2ce \u00e0 notre compr\u00e9hension approfondie des probl\u00e8mes courants des moteurs diesel, nous pouvons rapidement identifier et r\u00e9soudre tout probl\u00e8me que vous pourriez rencontrer.<\/p>\n<\/div>\n\n\n\n<div class=\"wp-block-column is-vertically-aligned-center is-layout-flow wp-block-column-is-layout-flow\"><div class=\"wp-block-image wp-duotone-0f0e0e-ffffff-1\">\n<figure class=\"alignleft size-large is-resized\"><img decoding=\"async\" width=\"853\" height=\"640\" src=\"https:\/\/dev.xdiesel.ca\/wp-content\/uploads\/2023\/05\/m3ikdev_Our_specialized_diesel_mechanic_is_hard_at_work_meticul_d0326750-2916-4371-8d76-d0db1034ee4f-edited.png\" alt=\"\" class=\"wp-image-151\" style=\"width:423px\" srcset=\"https:\/\/dev.xdiesel.ca\/wp-content\/uploads\/2023\/05\/m3ikdev_Our_specialized_diesel_mechanic_is_hard_at_work_meticul_d0326750-2916-4371-8d76-d0db1034ee4f-edited.png 853w, https:\/\/dev.xdiesel.ca\/wp-content\/uploads\/2023\/05\/m3ikdev_Our_specialized_diesel_mechanic_is_hard_at_work_meticul_d0326750-2916-4371-8d76-d0db1034ee4f-edited-300x225.png 300w, https:\/\/dev.xdiesel.ca\/wp-content\/uploads\/2023\/05\/m3ikdev_Our_specialized_diesel_mechanic_is_hard_at_work_meticul_d0326750-2916-4371-8d76-d0db1034ee4f-edited-768x576.png 768w, https:\/\/dev.xdiesel.ca\/wp-content\/uploads\/2023\/05\/m3ikdev_Our_specialized_diesel_mechanic_is_hard_at_work_meticul_d0326750-2916-4371-8d76-d0db1034ee4f-edited-400x300.png 400w\" sizes=\"(max-width: 853px) 100vw, 853px\" \/><\/figure>\n<\/div><\/div>\n<\/div>\n\n\n\n<hr class=\"wp-block-separator has-alpha-channel-opacity\"\/>\n\n\n\n<div class=\"wp-block-columns is-layout-flex wp-container-core-columns-is-layout-9d6595d7 wp-block-columns-is-layout-flex\">\n<div class=\"wp-block-column is-layout-flow wp-block-column-is-layout-flow\">\n<p class=\"has-text-align-center\"><strong>Service efficace<\/strong><\/p>\n\n\n\n<p>Nous nous effor\u00e7ons de fournir un service rapide et efficace pour toutes les r\u00e9parations de moteur diesel. Cela signifie que votre v\u00e9hicule est immobilis\u00e9 pour une dur\u00e9e minimale.<\/p>\n<\/div>\n\n\n\n<div class=\"wp-block-column is-layout-flow wp-block-column-is-layout-flow\">\n<p class=\"has-text-align-center\"><strong>Maintenance pr\u00e9ventive<\/strong><\/p>\n\n\n\n<p>Notre \u00e9quipe peut vous aider \u00e0 \u00e9viter les probl\u00e8mes futurs avec une maintenance r\u00e9guli\u00e8re. Nous sommes experts pour rep\u00e9rer les signes avant-coureurs de probl\u00e8mes potentiels et prendre des mesures pour les pr\u00e9venir.<\/p>\n\n\n\n<p><\/p>\n<\/div>\n\n\n\n<div class=\"wp-block-column is-layout-flow wp-block-column-is-layout-flow\">\n<p class=\"has-text-align-center\"><strong>Qualit\u00e9 du travail<\/strong><\/p>\n\n\n\n<p>Chez Xtreme Diesel, nous sommes d\u00e9di\u00e9s \u00e0 un travail de qualit\u00e9. Nous prenons le temps de faire les choses correctement, ce qui peut aider \u00e0 prolonger la dur\u00e9e de vie de votre moteur.<\/p>\n<\/div>\n<\/div>\n\n\n\n<p class=\"has-text-align-center\"><\/p>\n\n\n\n<hr class=\"wp-block-separator has-alpha-channel-opacity\"\/>\n\n\n\n<div class=\"wp-block-columns is-layout-flex wp-container-core-columns-is-layout-9d6595d7 wp-block-columns-is-layout-flex\">\n<div class=\"wp-block-column is-layout-flow wp-block-column-is-layout-flow\" style=\"flex-basis:25%\"><\/div>\n\n\n\n<div class=\"wp-block-column is-layout-flow wp-block-column-is-layout-flow\" style=\"flex-basis:50%\">\n<p class=\"has-text-align-center\"><strong>\u00c9conomies \u00e0 long terme<\/strong><\/p>\n\n\n\n<p class=\"has-text-align-center\">Bien qu&rsquo;engager notre \u00e9quipe de sp\u00e9cialistes puisse sembler plus co\u00fbteux \u00e0 court terme, nous pouvons vous aider \u00e0 \u00e9conomiser de l&rsquo;argent \u00e0 long terme en \u00e9vitant des r\u00e9parations majeures.<\/p>\n\n\n\n<p><\/p>\n<\/div>\n\n\n\n<div class=\"wp-block-column is-layout-flow wp-block-column-is-layout-flow\" style=\"flex-basis:25%\"><\/div>\n<\/div>\n\n\n\n<div class=\"wp-block-columns is-layout-flex wp-container-core-columns-is-layout-9d6595d7 wp-block-columns-is-layout-flex\">\n<div class=\"wp-block-column is-layout-flow wp-block-column-is-layout-flow\"><div class=\"wp-block-image\">\n<figure class=\"alignright size-full is-resized\"><img decoding=\"async\" width=\"1024\" height=\"768\" src=\"https:\/\/dev.xdiesel.ca\/wp-content\/uploads\/2023\/05\/m3ikdev_Ford_F350_diesel_photrealistic_in_a_trail_working_hard_380f2570-d2ca-4131-800c-6fb8c0712d06-edited.png\" alt=\"\" class=\"wp-image-161\" style=\"width:467px;height:349px\" srcset=\"https:\/\/dev.xdiesel.ca\/wp-content\/uploads\/2023\/05\/m3ikdev_Ford_F350_diesel_photrealistic_in_a_trail_working_hard_380f2570-d2ca-4131-800c-6fb8c0712d06-edited.png 1024w, https:\/\/dev.xdiesel.ca\/wp-content\/uploads\/2023\/05\/m3ikdev_Ford_F350_diesel_photrealistic_in_a_trail_working_hard_380f2570-d2ca-4131-800c-6fb8c0712d06-edited-300x225.png 300w, https:\/\/dev.xdiesel.ca\/wp-content\/uploads\/2023\/05\/m3ikdev_Ford_F350_diesel_photrealistic_in_a_trail_working_hard_380f2570-d2ca-4131-800c-6fb8c0712d06-edited-768x576.png 768w, https:\/\/dev.xdiesel.ca\/wp-content\/uploads\/2023\/05\/m3ikdev_Ford_F350_diesel_photrealistic_in_a_trail_working_hard_380f2570-d2ca-4131-800c-6fb8c0712d06-edited-400x300.png 400w\" sizes=\"(max-width: 1024px) 100vw, 1024px\" \/><\/figure>\n<\/div><\/div>\n\n\n\n<div class=\"wp-block-column is-layout-flow wp-block-column-is-layout-flow\">\n<p><strong>Mise \u00e0 jour des connaissances<\/strong><\/p>\n\n\n\n<p>&nbsp;Nous restons \u00e0 jour sur les derni\u00e8res technologies et pratiques d&rsquo;entretien en mati\u00e8re de diesel. Nous sommes toujours pr\u00eats \u00e0 vous informer des derni\u00e8res innovations qui pourraient am\u00e9liorer les performances de votre v\u00e9hicule.<\/p>\n<\/div>\n<\/div>\n\n\n\n<p><\/p>\n\n\n\n<div class=\"wp-block-columns is-layout-flex wp-container-core-columns-is-layout-9d6595d7 wp-block-columns-is-layout-flex\">\n<div class=\"wp-block-column is-layout-flow wp-block-column-is-layout-flow\">\n<p><strong>Conseils personnalis\u00e9s<\/strong><\/p>\n\n\n\n<p>Chez Xtreme Diesel, nous vous offrons des conseils personnalis\u00e9s sur la fa\u00e7on de prendre soin de votre v\u00e9hicule sp\u00e9cifique, en tenant compte de son \u00e2ge, de son mod\u00e8le et de son utilisation.<\/p>\n<\/div>\n\n\n\n<div class=\"wp-block-column is-layout-flow wp-block-column-is-layout-flow\">\n<p><\/p>\n\n\n\n<p><\/p>\n<\/div>\n\n\n\n<div class=\"wp-block-column is-layout-flow wp-block-column-is-layout-flow\">\n<p><strong>Respect de l&rsquo;environnement<\/strong><\/p>\n\n\n\n<p>Nous comprenons l&rsquo;importance de l&rsquo;entretien des moteurs diesel pour r\u00e9duire les \u00e9missions polluantes. Nous savons comment entretenir votre v\u00e9hicule pour qu&rsquo;il respecte les normes environnementales.<\/p>\n<\/div>\n<\/div>\n\n\n\n<p><\/p>\n","protected":false},"excerpt":{"rendered":"<p>Expertise d\u00e9di\u00e9e Notre \u00e9quipe poss\u00e8de une expertise sp\u00e9cifique en m\u00e9canique diesel. Nous sommes form\u00e9s pour comprendre en profondeur les moteurs diesel et tous les aspects de leur fonctionnement et entretien. Diagnostic pr\u00e9cis Chez Xtreme Diesel, nous offrons des diagnostics pr\u00e9cis en cas de probl\u00e8me. Gr\u00e2ce \u00e0 notre compr\u00e9hension approfondie des &hellip;<\/p>\n","protected":false},"author":1,"featured_media":0,"parent":0,"menu_order":0,"comment_status":"closed","ping_status":"closed","template":"","meta":{"footnotes":""},"class_list":["post-40","page","type-page","status-publish","hentry"],"yoast_head":"<!-- This site is optimized with the Yoast SEO plugin v27.3 - https:\/\/yoast.com\/product\/yoast-seo-wordpress\/ -->\n<title>Xtreme Diesel<\/title>\n<meta name=\"description\" content=\"Bienvenue chez Extreme Diesel, vos experts en m\u00e9canique diesel. Nous offrons des services de r\u00e9paration, d&#039;entretien et de diagnostic pour tous types de v\u00e9hicules diesel, garantissant des performances optimales et une durabilit\u00e9 accrue.\" \/>\n<meta name=\"robots\" content=\"index, follow, max-snippet:-1, max-image-preview:large, max-video-preview:-1\" \/>\n<link rel=\"canonical\" href=\"https:\/\/dev.xdiesel.ca\/\" \/>\n<meta property=\"og:locale\" content=\"fr_CA\" \/>\n<meta property=\"og:type\" content=\"article\" \/>\n<meta property=\"og:title\" content=\"Xtreme Diesel\" \/>\n<meta property=\"og:description\" content=\"Bienvenue chez Xtreme-Diesel, vos experts en m\u00e9canique diesel. Nous offrons des services de r\u00e9paration, d&#039;entretien et de diagnostic pour tous types de v\u00e9hicules diesel, garantissant des performances optimales et une durabilit\u00e9 accrue. Faites confiance \u00e0 notre \u00e9quipe de professionnels qualifi\u00e9s pour tous vos besoins en m\u00e9canique diesel. Contactez-nous d\u00e8s aujourd&#039;hui pour un service rapide et efficace.\" \/>\n<meta property=\"og:url\" content=\"https:\/\/dev.xdiesel.ca\/\" \/>\n<meta property=\"og:site_name\" content=\"Xtreme Diesel\" \/>\n<meta property=\"article:publisher\" content=\"https:\/\/fr-ca.facebook.com\/people\/Xtreme-Diesel\/100063630819553\/\" \/>\n<meta property=\"article:modified_time\" content=\"2024-06-06T14:41:11+00:00\" \/>\n<meta property=\"og:image\" content=\"https:\/\/dev.xdiesel.ca\/wp-content\/uploads\/2023\/05\/cropped-cropped-banner-01-01.png\" \/>\n\t<meta property=\"og:image:width\" content=\"1494\" \/>\n\t<meta property=\"og:image:height\" content=\"398\" \/>\n\t<meta property=\"og:image:type\" content=\"image\/png\" \/>\n<meta name=\"twitter:card\" content=\"summary_large_image\" \/>\n<meta name=\"twitter:title\" content=\"Xtreme Diesel\" \/>\n<meta name=\"twitter:description\" content=\"Bienvenue chez Xtreme-Diesel, vos experts en m\u00e9canique diesel. Nous offrons des services de r\u00e9paration, d&#039;entretien et de diagnostic pour tous types de v\u00e9hicules diesel, garantissant des performances optimales et une durabilit\u00e9 accrue. Faites confiance \u00e0 notre \u00e9quipe de professionnels qualifi\u00e9s pour tous vos besoins en m\u00e9canique diesel. Contactez-nous d\u00e8s aujourd&#039;hui pour un service rapide et efficace.\" \/>\n<meta name=\"twitter:image\" content=\"https:\/\/dev.xdiesel.ca\/wp-content\/uploads\/2023\/05\/cropped-cropped-banner-01-01.png\" \/>\n<meta name=\"twitter:label1\" content=\"Estimation du temps de lecture\" \/>\n\t<meta name=\"twitter:data1\" content=\"3 minutes\" \/>\n<script type=\"application\/ld+json\" class=\"yoast-schema-graph\">{\"@context\":\"https:\\\/\\\/schema.org\",\"@graph\":[{\"@type\":\"WebPage\",\"@id\":\"https:\\\/\\\/dev.xdiesel.ca\\\/\",\"url\":\"https:\\\/\\\/dev.xdiesel.ca\\\/\",\"name\":\"Xtreme Diesel\",\"isPartOf\":{\"@id\":\"https:\\\/\\\/dev.xdiesel.ca\\\/#website\"},\"primaryImageOfPage\":{\"@id\":\"https:\\\/\\\/dev.xdiesel.ca\\\/#primaryimage\"},\"image\":{\"@id\":\"https:\\\/\\\/dev.xdiesel.ca\\\/#primaryimage\"},\"thumbnailUrl\":\"https:\\\/\\\/dev.xdiesel.ca\\\/wp-content\\\/uploads\\\/2023\\\/05\\\/m3ikdev_diesel_mechanic_working_on_a_power_stroke_engine_2020_p_baaa4941-ba51-47cd-9321-fa0febbdf433-edited.png\",\"datePublished\":\"2023-05-15T14:58:41+00:00\",\"dateModified\":\"2024-06-06T14:41:11+00:00\",\"description\":\"Bienvenue chez Extreme Diesel, vos experts en m\u00e9canique diesel. Nous offrons des services de r\u00e9paration, d'entretien et de diagnostic pour tous types de v\u00e9hicules diesel, garantissant des performances optimales et une durabilit\u00e9 accrue.\",\"inLanguage\":\"fr-CA\",\"potentialAction\":[{\"@type\":\"ReadAction\",\"target\":[\"https:\\\/\\\/dev.xdiesel.ca\\\/\"]}]},{\"@type\":\"ImageObject\",\"inLanguage\":\"fr-CA\",\"@id\":\"https:\\\/\\\/dev.xdiesel.ca\\\/#primaryimage\",\"url\":\"https:\\\/\\\/dev.xdiesel.ca\\\/wp-content\\\/uploads\\\/2023\\\/05\\\/m3ikdev_diesel_mechanic_working_on_a_power_stroke_engine_2020_p_baaa4941-ba51-47cd-9321-fa0febbdf433-edited.png\",\"contentUrl\":\"https:\\\/\\\/dev.xdiesel.ca\\\/wp-content\\\/uploads\\\/2023\\\/05\\\/m3ikdev_diesel_mechanic_working_on_a_power_stroke_engine_2020_p_baaa4941-ba51-47cd-9321-fa0febbdf433-edited.png\",\"width\":1024,\"height\":768},{\"@type\":\"WebSite\",\"@id\":\"https:\\\/\\\/dev.xdiesel.ca\\\/#website\",\"url\":\"https:\\\/\\\/dev.xdiesel.ca\\\/\",\"name\":\"Xtreme Diesel\",\"description\":\"\",\"publisher\":{\"@id\":\"https:\\\/\\\/dev.xdiesel.ca\\\/#organization\"},\"potentialAction\":[{\"@type\":\"SearchAction\",\"target\":{\"@type\":\"EntryPoint\",\"urlTemplate\":\"https:\\\/\\\/dev.xdiesel.ca\\\/?s={search_term_string}\"},\"query-input\":{\"@type\":\"PropertyValueSpecification\",\"valueRequired\":true,\"valueName\":\"search_term_string\"}}],\"inLanguage\":\"fr-CA\"},{\"@type\":\"Organization\",\"@id\":\"https:\\\/\\\/dev.xdiesel.ca\\\/#organization\",\"name\":\"Xtreme Diesel\",\"url\":\"https:\\\/\\\/dev.xdiesel.ca\\\/\",\"logo\":{\"@type\":\"ImageObject\",\"inLanguage\":\"fr-CA\",\"@id\":\"https:\\\/\\\/dev.xdiesel.ca\\\/#\\\/schema\\\/logo\\\/image\\\/\",\"url\":\"https:\\\/\\\/dev.xdiesel.ca\\\/wp-content\\\/uploads\\\/2023\\\/05\\\/cropped-cropped-banner-01-01.png\",\"contentUrl\":\"https:\\\/\\\/dev.xdiesel.ca\\\/wp-content\\\/uploads\\\/2023\\\/05\\\/cropped-cropped-banner-01-01.png\",\"width\":1494,\"height\":398,\"caption\":\"Xtreme Diesel\"},\"image\":{\"@id\":\"https:\\\/\\\/dev.xdiesel.ca\\\/#\\\/schema\\\/logo\\\/image\\\/\"},\"sameAs\":[\"https:\\\/\\\/fr-ca.facebook.com\\\/people\\\/Xtreme-Diesel\\\/100063630819553\\\/\"]}]}<\/script>\n<!-- \/ Yoast SEO plugin. -->","yoast_head_json":{"title":"Xtreme Diesel","description":"Bienvenue chez Extreme Diesel, vos experts en m\u00e9canique diesel. Nous offrons des services de r\u00e9paration, d'entretien et de diagnostic pour tous types de v\u00e9hicules diesel, garantissant des performances optimales et une durabilit\u00e9 accrue.","robots":{"index":"index","follow":"follow","max-snippet":"max-snippet:-1","max-image-preview":"max-image-preview:large","max-video-preview":"max-video-preview:-1"},"canonical":"https:\/\/dev.xdiesel.ca\/","og_locale":"fr_CA","og_type":"article","og_title":"Xtreme Diesel","og_description":"Bienvenue chez Xtreme-Diesel, vos experts en m\u00e9canique diesel. Nous offrons des services de r\u00e9paration, d'entretien et de diagnostic pour tous types de v\u00e9hicules diesel, garantissant des performances optimales et une durabilit\u00e9 accrue. Faites confiance \u00e0 notre \u00e9quipe de professionnels qualifi\u00e9s pour tous vos besoins en m\u00e9canique diesel. Contactez-nous d\u00e8s aujourd'hui pour un service rapide et efficace.","og_url":"https:\/\/dev.xdiesel.ca\/","og_site_name":"Xtreme Diesel","article_publisher":"https:\/\/fr-ca.facebook.com\/people\/Xtreme-Diesel\/100063630819553\/","article_modified_time":"2024-06-06T14:41:11+00:00","og_image":[{"width":1494,"height":398,"url":"https:\/\/dev.xdiesel.ca\/wp-content\/uploads\/2023\/05\/cropped-cropped-banner-01-01.png","type":"image\/png"}],"twitter_card":"summary_large_image","twitter_title":"Xtreme Diesel","twitter_description":"Bienvenue chez Xtreme-Diesel, vos experts en m\u00e9canique diesel. Nous offrons des services de r\u00e9paration, d'entretien et de diagnostic pour tous types de v\u00e9hicules diesel, garantissant des performances optimales et une durabilit\u00e9 accrue. Faites confiance \u00e0 notre \u00e9quipe de professionnels qualifi\u00e9s pour tous vos besoins en m\u00e9canique diesel. Contactez-nous d\u00e8s aujourd'hui pour un service rapide et efficace.","twitter_image":"https:\/\/dev.xdiesel.ca\/wp-content\/uploads\/2023\/05\/cropped-cropped-banner-01-01.png","twitter_misc":{"Estimation du temps de lecture":"3 minutes"},"schema":{"@context":"https:\/\/schema.org","@graph":[{"@type":"WebPage","@id":"https:\/\/dev.xdiesel.ca\/","url":"https:\/\/dev.xdiesel.ca\/","name":"Xtreme Diesel","isPartOf":{"@id":"https:\/\/dev.xdiesel.ca\/#website"},"primaryImageOfPage":{"@id":"https:\/\/dev.xdiesel.ca\/#primaryimage"},"image":{"@id":"https:\/\/dev.xdiesel.ca\/#primaryimage"},"thumbnailUrl":"https:\/\/dev.xdiesel.ca\/wp-content\/uploads\/2023\/05\/m3ikdev_diesel_mechanic_working_on_a_power_stroke_engine_2020_p_baaa4941-ba51-47cd-9321-fa0febbdf433-edited.png","datePublished":"2023-05-15T14:58:41+00:00","dateModified":"2024-06-06T14:41:11+00:00","description":"Bienvenue chez Extreme Diesel, vos experts en m\u00e9canique diesel. Nous offrons des services de r\u00e9paration, d'entretien et de diagnostic pour tous types de v\u00e9hicules diesel, garantissant des performances optimales et une durabilit\u00e9 accrue.","inLanguage":"fr-CA","potentialAction":[{"@type":"ReadAction","target":["https:\/\/dev.xdiesel.ca\/"]}]},{"@type":"ImageObject","inLanguage":"fr-CA","@id":"https:\/\/dev.xdiesel.ca\/#primaryimage","url":"https:\/\/dev.xdiesel.ca\/wp-content\/uploads\/2023\/05\/m3ikdev_diesel_mechanic_working_on_a_power_stroke_engine_2020_p_baaa4941-ba51-47cd-9321-fa0febbdf433-edited.png","contentUrl":"https:\/\/dev.xdiesel.ca\/wp-content\/uploads\/2023\/05\/m3ikdev_diesel_mechanic_working_on_a_power_stroke_engine_2020_p_baaa4941-ba51-47cd-9321-fa0febbdf433-edited.png","width":1024,"height":768},{"@type":"WebSite","@id":"https:\/\/dev.xdiesel.ca\/#website","url":"https:\/\/dev.xdiesel.ca\/","name":"Xtreme Diesel","description":"","publisher":{"@id":"https:\/\/dev.xdiesel.ca\/#organization"},"potentialAction":[{"@type":"SearchAction","target":{"@type":"EntryPoint","urlTemplate":"https:\/\/dev.xdiesel.ca\/?s={search_term_string}"},"query-input":{"@type":"PropertyValueSpecification","valueRequired":true,"valueName":"search_term_string"}}],"inLanguage":"fr-CA"},{"@type":"Organization","@id":"https:\/\/dev.xdiesel.ca\/#organization","name":"Xtreme Diesel","url":"https:\/\/dev.xdiesel.ca\/","logo":{"@type":"ImageObject","inLanguage":"fr-CA","@id":"https:\/\/dev.xdiesel.ca\/#\/schema\/logo\/image\/","url":"https:\/\/dev.xdiesel.ca\/wp-content\/uploads\/2023\/05\/cropped-cropped-banner-01-01.png","contentUrl":"https:\/\/dev.xdiesel.ca\/wp-content\/uploads\/2023\/05\/cropped-cropped-banner-01-01.png","width":1494,"height":398,"caption":"Xtreme Diesel"},"image":{"@id":"https:\/\/dev.xdiesel.ca\/#\/schema\/logo\/image\/"},"sameAs":["https:\/\/fr-ca.facebook.com\/people\/Xtreme-Diesel\/100063630819553\/"]}]}},"_links":{"self":[{"href":"https:\/\/dev.xdiesel.ca\/index.php\/wp-json\/wp\/v2\/pages\/40","targetHints":{"allow":["GET"]}}],"collection":[{"href":"https:\/\/dev.xdiesel.ca\/index.php\/wp-json\/wp\/v2\/pages"}],"about":[{"href":"https:\/\/dev.xdiesel.ca\/index.php\/wp-json\/wp\/v2\/types\/page"}],"author":[{"embeddable":true,"href":"https:\/\/dev.xdiesel.ca\/index.php\/wp-json\/wp\/v2\/users\/1"}],"replies":[{"embeddable":true,"href":"https:\/\/dev.xdiesel.ca\/index.php\/wp-json\/wp\/v2\/comments?post=40"}],"version-history":[{"count":26,"href":"https:\/\/dev.xdiesel.ca\/index.php\/wp-json\/wp\/v2\/pages\/40\/revisions"}],"predecessor-version":[{"id":219,"href":"https:\/\/dev.xdiesel.ca\/index.php\/wp-json\/wp\/v2\/pages\/40\/revisions\/219"}],"wp:attachment":[{"href":"https:\/\/dev.xdiesel.ca\/index.php\/wp-json\/wp\/v2\/media?parent=40"}],"curies":[{"name":"wp","href":"https:\/\/api.w.org\/{rel}","templated":true}]}}